e highest common factor of 27141 and 37297212.
249
Calculate the greatest common divisor of 371 and 5262529.
53
Calculate the highest common factor of 1482987 and 33.
33
Calculate the highest common divisor of 31806 and 128012082.
3534
Calculate the greatest common divisor of 1755 and 409414590.
585
What is the highest common factor of 2913569 and 265?
53
Calculate the highest common divisor of 443136 and 2816.
256
What is the highest common factor of 5445123 and 8025?
321
What is the greatest common factor of 75032 and 4576?
8
What is the highest common factor of 6612525 and 30?
15
What is the greatest common divisor of 6232 and 268831?
19
Calculate the highest common factor of 9800 and 177968.
392
What is the greatest common divisor of 6331 and 12713622?
487
Calculate the greatest common divisor of 575476 and 10274.
22
What is the greatest common factor of 26990347 and 134?
67
What is the greatest common factor of 171 and 36460107?
171
What is the greatest common divisor of 495 and 8433150?
165
Calculate the highest common factor of 3688 and 206308.
4
Calculate the highest common divisor of 1276018640 and 4.
4
Calculate the highest common divisor of 347247372 and 9248.
1156
Calculate the greatest common divisor of 334159482 and 4542.
4542
Calculate the greatest common factor of 419732409 and 951.
951
Calculate the greatest common divisor of 4301 and 14927.
253
Calculate the greatest common divisor of 396 and 103589156.
44
Calculate the highest common factor of 223545883 and 22.
11
What is the highest common divisor of 5 and 10196270?
5
What is the greatest common divisor of 4560 and 801344?
304
What is the greatest common divisor of 269597458 and 221?
221
What is the highest common factor of 24876 and 30844167?
2073
What is the greatest common factor of 15870 and 1194?
6
What is the greatest common divisor of 9573451 and 15341?
667
What is the highest common divisor of 12325609 and 5452?
1363
What is the greatest common divisor of 31625 and 4084685?
1265
Calculate the highest common divisor of 152 and 10770853.
19
What is the greatest common factor of 410675014 and 2314?
178
What is the greatest common divisor of 241 and 201155?
1
Calculate the highest common divisor of 8388 and 772628.
932
What is the highest common divisor of 1014374644 and 4988?
4988
Calculate the highest common factor of 3560550 and 11550.
1050
What is the greatest common factor of 62194960 and 240?
80
Calculate the greatest common factor of 3834 and 9694482.
426
Calculate the greatest common divisor of 218347 and 3122137.
2251
Calculate the greatest common factor of 640 and 300780.
20
What is the greatest common factor of 5035 and 40345?
5
What is the greatest common divisor of 45023 and 532090?
4093
What is the greatest common divisor of 436129 and 5911?
257
Calculate the highest common divisor of 1743943143 and 19842.
9921
Calculate the highest common divisor of 1295112 and 1174140.
7116
Calculate the highest common factor of 3810 and 4973750.
10
What is the greatest common factor of 90 and 37774062?
18
What is the highest common factor of 710382 and 165874?
394
Calculate the greatest common factor of 4622220 and 315.
45
What is the greatest common factor of 132 and 15946678?
22
What is the greatest common factor of 1094 and 1754766701?
547
Calculate the greatest common divisor of 31127918 and 68.
34
What is the highest common divisor of 533106 and 1008?
126
Calculate the greatest common factor of 14982 and 115478.
22
What is the greatest common divisor of 10257006 and 24?
6
Calculate the greatest common divisor of 14 and 6216574.
14
What is the greatest common divisor of 238 and 52544688?
238
Calculate the greatest common factor of 54 and 16819038.
18
Calculate the greatest common divisor of 5 and 55070160.
5
What is the greatest common divisor of 64 and 444903?
1
Calculate the greatest common factor of 63908 and 15600.
52
What is the highest common factor of 29736715 and 185?
185
Calculate the highest common factor of 2555 and 371693735.
2555
What is the greatest common factor of 80104 and 5472?
152
What is the greatest common divisor of 858819072 and 2998?
2998
What is the greatest common factor of 18194 and 558000883?
9097
What is the greatest common divisor of 3500 and 12523700?
700
What is the greatest common factor of 20876 and 6647?
17
Calculate the highest common factor of 1190736 and 2106.
18
Calculate the highest common divisor of 17312 and 455522.
1082
What is the greatest common factor of 6035625 and 309375?
5625
What is the greatest common divisor of 3029 and 696293?
13
What is the greatest common factor of 1484 and 285401396?
1484
What is the highest common factor of 9931278 and 6?
6
Calculate the highest common factor of 3474 and 15066.
18
Calculate the highest common factor of 8216611 and 1183.
169
Calculate the greatest common factor of 22513933 and 2210.
221
Calculate the highest common factor of 9702 and 17640000.
882
Calculate the highest common divisor of 4192936 and 100936.
2728
What is the greatest common factor of 156 and 7463304?
12
What is the greatest common divisor of 5126 and 16101232?
466
What is the highest common factor of 70602139 and 221?
17
What is the highest common divisor of 408 and 7170804?
204
What is the greatest common factor of 67 and 18896077?
67
What is the highest common factor of 928667732 and 516?
172
What is the highest common factor of 149283 and 305748?
513
Calculate the greatest common factor of 14376 and 151137284.
2396
What is the greatest common divisor of 225106 and 13720?
98
What is the highest common divisor of 7056 and 3913728?
2352
What is the greatest common divisor of 235 and 1734958?
47
What is the highest common factor of 205280 and 8864?
32
Calculate the highest common divisor of 143 and 11230843.
13
What is the greatest common divisor of 3265500 and 1425900?
2100
Calculate the greatest common divisor of 795809 and 245.
49
Calculate the greatest common factor of 76 and 247452770.
38
What is the greatest common factor of 4624 and 19904008?
2312
What is the highest common factor of 345333688 and 10836?
1204
Calculate the highest common factor of 621 and 364941.
207
Calculate the highest common factor of 4353 and 626888589.
4353
What is the greatest common factor of 30706984 and 9954?
1106
What is the greatest common factor of 150 and 25946280?
30
Calculate the greatest common divisor of 3230 and 3352550.
190
What is the greatest common divisor of 33460 and 78924970?
2390
Calculate the highest common factor of 136112 and 2536.
8
Calculate the highest common divisor of 525 and 5469925.
25
Calculate the greatest common divisor of 236001 and 477531.
291
What is the highest common divisor of 642023 and 6286611?
3259
Calculate the greatest common factor of 166103 and 73871.
427
What is the greatest common divisor of 274 and 14118398?
274
Calculate the greatest common factor of 11776 and 91768.
8
What is the greatest common factor of 1622133 and 295457?
823
Calculate the greatest common factor of 784055 and 7640.
955
Calculate the greatest common factor of 451400 and 152440.
1480
What is the greatest common factor of 711 and 866446641?
711
What is the highest common factor of 1995856 and 3002?
158
What is the greatest common factor of 235845967 and 98?
49
Calculate the greatest common factor of 3909 and 92028284.
1303
Calculate the greatest common divisor of 200 and 155898600.
200
What is the greatest common factor of 34320048 and 9177?
483
What is the highest common divisor of 488 and 1501576?
488
Calculate the highest common divisor of 35 and 46624165.
35
Calculate the greatest common divisor of 1807 and 2692.
1
Calculate the highest common divisor of 1568 and 126592.
32
Calculate the greatest common factor of 1276584 and 304.
8
What is the highest common factor of 81 and 10494702?
9
What is the greatest common factor of 17037 and 174873447?
5679
What is the highest common factor of 5172027 and 4428?
123
Calculate the highest common factor of 60572 and 1229908.
76
What is the highest common factor of 4873 and 1345128301?
4873
What is the highest common factor of 19200459 and 181113?
2481
What is the highest common divisor of 48981 and 1941?
3
What is the greatest common factor of 323125 and 220?
55
What i